{"id":124528,"date":"2018-05-27T22:45:51","date_gmt":"2018-05-27T19:45:51","guid":{"rendered":"http:\/\/ddni.ro\/wps\/?page_id=124528"},"modified":"2018-05-27T22:56:25","modified_gmt":"2018-05-27T19:56:25","slug":"plan-sectorial_ro","status":"publish","type":"page","link":"https:\/\/ddni.ro\/wps\/ro\/plan-sectorial_ro\/","title":{"rendered":"Plan Sectorial_ro"},"content":{"rendered":"<p>[et_pb_section fb_built=&#8221;1&#8243; admin_label=&#8221;section&#8221; _builder_version=&#8221;3.2&#8243; use_background_color_gradient=&#8221;on&#8221; background_color_gradient_start=&#8221;#ffffff&#8221; background_color_gradient_end=&#8221;#64A0A0&#8243; parallax=&#8221;on&#8221; parallax_method=&#8221;off&#8221;][et_pb_row admin_label=&#8221;row&#8221; _builder_version=&#8221;3.0.47&#8243; background_size=&#8221;initial&#8221; background_position=&#8221;top_left&#8221; background_repeat=&#8221;repeat&#8221;][et_pb_column type=&#8221;4_4&#8243; _builder_version=&#8221;3.0.47&#8243; parallax=&#8221;off&#8221; parallax_method=&#8221;on&#8221;][et_pb_cta title=&#8221;PLAN SECTORIAL&#8221; _builder_version=&#8221;3.4.1&#8243; header_font=&#8221;Roboto|on||on|&#8221; header_text_color=&#8221;#848484&#8243; background_color=&#8221;rgba(126,190,197,0)&#8221; background_size=&#8221;initial&#8221; background_position=&#8221;top_left&#8221; background_repeat=&#8221;repeat&#8221;]<\/p>\n<div class=\"separator small center \" style=\"margin-top: 18px; margin-bottom: 1px; background-color: #d21151; height: 1px; width: 50px;\"><\/div>\n<p>[\/et_pb_cta][\/et_pb_column][\/et_pb_row][et_pb_row make_fullwidth=&#8221;on&#8221; admin_label=&#8221;row&#8221; _builder_version=&#8221;3.0.47&#8243; background_size=&#8221;initial&#8221; background_position=&#8221;top_left&#8221; background_repeat=&#8221;repeat&#8221;][et_pb_column type=&#8221;1_4&#8243; _builder_version=&#8221;3.0.47&#8243; parallax=&#8221;off&#8221; parallax_method=&#8221;on&#8221;][et_pb_blurb title=&#8221;2017 \u2013 2018&#8243; image=&#8221;https:\/\/ddni.ro\/wps\/wp-content\/uploads\/2018\/05\/FotoJet.jpg&#8221; _builder_version=&#8221;3.4.1&#8243; header_font=&#8221;Roboto||||&#8221; body_font=&#8221;Roboto||||&#8221; background_size=&#8221;initial&#8221; background_position=&#8221;top_left&#8221; background_repeat=&#8221;repeat&#8221; text_orientation=&#8221;center&#8221; url=&#8221;https:\/\/ddni.ro\/wps\/ro\/project\/sector-plan-2017-2018_ro\/&#8221;]<\/p>\n<p style=\"text-align: justify;\">Cercet\u0103ri \u00een sprijinul dezvolt\u0103rii capacit\u0103\u021bii de monitorizare, evaluare \u0219i valorificare a resurselor naturale oferite de zonele umede de importan\u021b\u0103 interna\u021bional\u0103 din Rom\u00e2nia \u0219i zona costier\u0103 a M\u0103rii Negre<\/p>\n<p>[\/et_pb_blurb][\/et_pb_column][et_pb_column type=&#8221;1_4&#8243; _builder_version=&#8221;3.0.47&#8243; parallax=&#8221;off&#8221; parallax_method=&#8221;on&#8221;][\/et_pb_column][et_pb_column type=&#8221;1_4&#8243; _builder_version=&#8221;3.0.47&#8243; parallax=&#8221;off&#8221; parallax_method=&#8221;on&#8221;][\/et_pb_column][et_pb_column type=&#8221;1_4&#8243; _builder_version=&#8221;3.0.47&#8243; parallax=&#8221;off&#8221; parallax_method=&#8221;on&#8221;][\/et_pb_column][\/et_pb_row][\/et_pb_section][et_pb_section fb_built=&#8221;1&#8243; custom_padding_last_edited=&#8221;off|desktop&#8221; _builder_version=&#8221;3.0.97&#8243; background_color=&#8221;#373d4b&#8221; global_module=&#8221;2802&#8243;][et_pb_row make_fullwidth=&#8221;on&#8221; parallax_method_1=&#8221;off&#8221; parallax_method_2=&#8221;off&#8221; parallax_method_3=&#8221;off&#8221; parallax_method_4=&#8221;off&#8221; _builder_version=&#8221;3.0.95&#8243; background_size=&#8221;initial&#8221; background_position=&#8221;top_left&#8221; background_repeat=&#8221;repeat&#8221;][et_pb_column type=&#8221;1_4&#8243; _builder_version=&#8221;3.0.47&#8243; parallax=&#8221;off&#8221; parallax_method=&#8221;off&#8221;][et_pb_blurb title=&#8221;Institutul Na\u021bional de Cercetare &#8211; Dezvoltare %22Delta Dun\u0103rii%22&#8243; icon_placement=&#8221;left&#8221; _builder_version=&#8221;3.0.90&#8243; header_font=&#8221;Roboto|on||on|&#8221; header_font_size=&#8221;20px&#8221; body_font=&#8221;Roboto Condensed||on||&#8221; body_font_size=&#8221;20px&#8221; body_line_height=&#8221;1.1em&#8221; background_size=&#8221;initial&#8221; background_position=&#8221;top_left&#8221; background_repeat=&#8221;repeat&#8221; text_orientation=&#8221;center&#8221; background_layout=&#8221;dark&#8221;]<\/p>\n<p>Strada Babadag, nr. 165, CP. 820112, Tulcea, Romania<\/p>\n<p>[\/et_pb_blurb][et_pb_blurb title=&#8221;Zona membrilor&#8221; icon_placement=&#8221;left&#8221; _builder_version=&#8221;3.0.95&#8243; header_font=&#8221;Roboto|on||on|&#8221; header_font_size=&#8221;20px&#8221; body_font=&#8221;Roboto Condensed||on||&#8221; body_font_size=&#8221;20px&#8221; body_line_height=&#8221;1.1em&#8221; background_size=&#8221;initial&#8221; background_position=&#8221;top_left&#8221; background_repeat=&#8221;repeat&#8221; text_orientation=&#8221;center&#8221; background_layout=&#8221;dark&#8221;]<\/p>\n<p>Accesa\u021bi datele dumneavoastr\u0103 din intranet<\/p>\n<p>[\/et_pb_blurb][et_pb_button button_url=&#8221;http:\/\/192.168.13.253:8080\/cgi-bin\/&#8221; button_text=&#8221;LOGIN&#8221; _builder_version=&#8221;3.0.95&#8243; custom_button=&#8221;on&#8221; button_text_color=&#8221;#ffffff&#8221; button_bg_color=&#8221;#008ab5&#8243; button_border_color=&#8221;#008ab5&#8243; button_border_radius=&#8221;0px&#8221; button_font=&#8221;|||on|||||&#8221; button_icon=&#8221;%%94%%&#8221; button_text_color_hover=&#8221;#008ab5&#8243; button_bg_color_hover=&#8221;#ffffff&#8221; button_border_color_hover=&#8221;#ffffff&#8221; custom_margin=&#8221;|||15px&#8221; custom_padding=&#8221;|||&#8221;][\/et_pb_button][\/et_pb_column][et_pb_column type=&#8221;1_4&#8243; _builder_version=&#8221;3.0.47&#8243; parallax=&#8221;off&#8221; parallax_method=&#8221;off&#8221;][et_pb_blurb title=&#8221;DEPARTAMENTE&#8221; _builder_version=&#8221;3.0.47&#8243; header_font=&#8221;Roboto|on|||&#8221; header_font_size=&#8221;21px&#8221; body_font=&#8221;Roboto||on||&#8221; background_size=&#8221;initial&#8221; background_position=&#8221;top_left&#8221; background_repeat=&#8221;repeat&#8221; background_layout=&#8221;dark&#8221; animation=&#8221;off&#8221;]<\/p>\n<p style=\"text-align: left;\"><a href=\"https:\/\/ddni.ro\/wps\/ro\/structura\/departamentul-conservare-a-biodiversitatii-si-utilizare-durabila-a-resurselor-naturale\/\">Conservarea Biodiversit\u0103\u021bii \u0219i Utilizarea Durabil\u0103 a Resurselor Naturale<\/a><\/p>\n<p style=\"text-align: left;\"><a href=\"https:\/\/ddni.ro\/wps\/ro\/structura\/restaurare-ecologica-si-redresare-specii\/\">Restaurare Ecologic\u0103 \u0219i Redresare Specii<\/a><\/p>\n<p style=\"text-align: left;\"><a href=\"https:\/\/ddni.ro\/wps\/ro\/structura\/departamentul-sistem-informational-si-geomatica\/\">Sistem Informa\u021bional \u0219i Geomatic\u0103<\/a><\/p>\n<p style=\"text-align: left;\"><a href=\"https:\/\/ddni.ro\/wps\/ro\/structura\/centrul-pentru-studiul-bolilor-transfrontaliere-emergente-si-zoonozelor\/\">Centrul pentru Studiul Bolilor Transfrontaliere, Emergente \u0219i Zoonozelor<\/a><\/p>\n<p style=\"text-align: left;\"><a href=\"https:\/\/ddni.ro\/wps\/ro\/structura\/laboratoare-si-baze-de-cercetare\/\">Laboratoare \u0219i Baze de Cercetare<\/a><\/p>\n<p style=\"text-align: left;\"><a href=\"https:\/\/ddni.ro\/wps\/ro\/structura\/centrul-de-informare-tehnologica-delta-dunarii\/\">Centrul de Informare Tehnologic\u0103 &#8220;Delta Dun\u0103rii&#8221;<\/a><\/p>\n<p style=\"text-align: left;\"><a href=\"https:\/\/ddni.ro\/wps\/ro\/structura\/dezvoltare-tehnologica-transfer-tehnologic-si-planificare-spatiala\/\">Dezvoltare Tehnologic\u0103, Transfer Tehnologic \u0219i Planificare Spatial\u0103<\/a><\/p>\n<p>[\/et_pb_blurb][\/et_pb_column][et_pb_column type=&#8221;1_4&#8243; _builder_version=&#8221;3.0.47&#8243; parallax=&#8221;off&#8221; parallax_method=&#8221;off&#8221;][et_pb_blurb title=&#8221;DESPRE NOI&#8221; _builder_version=&#8221;3.0.105&#8243; header_font=&#8221;Roboto|on|||&#8221; header_font_size=&#8221;21px&#8221; body_font=&#8221;Roboto||on||&#8221; background_size=&#8221;initial&#8221; background_position=&#8221;top_left&#8221; background_repeat=&#8221;repeat&#8221; background_layout=&#8221;dark&#8221; custom_margin=&#8221;|||&#8221; animation=&#8221;off&#8221;]<\/p>\n<p style=\"text-align: left;\"><a href=\"https:\/\/ddni.ro\/wps\/ro\/structura\/\">Cercetare<\/a><\/p>\n<p style=\"text-align: left;\"><a href=\"https:\/\/ddni.ro\/wps\/ro\/desprenoi\/#management\">Management<\/a><\/p>\n<p style=\"text-align: left;\"><a href=\"https:\/\/ddni.ro\/wps\/ro\/desprenoi\/#administratie\">Administatie<\/a><\/p>\n<p style=\"text-align: left;\"><a href=\"https:\/\/ddni.ro\/wps\/ro\/structura\/centrul-de-informare-tehnologica-delta-dunarii\/\">Centrul de Informare<\/a><\/p>\n<p>[\/et_pb_blurb][et_pb_code _builder_version=&#8221;3.0.105&#8243;][et_social_follow icon_style=&quot;flip&quot; icon_shape=&quot;circle&quot; icons_location=&quot;top&quot; col_number=&quot;auto&quot; counts=&quot;true&quot; counts_num=&quot;30&quot; outer_color=&quot;light&quot; network_names=&quot;true&quot;][\/et_pb_code][et_pb_button _builder_version=&#8221;3.0.105&#8243;][\/et_pb_button][\/et_pb_column][et_pb_column type=&#8221;1_4&#8243; _builder_version=&#8221;3.0.47&#8243; parallax=&#8221;off&#8221; parallax_method=&#8221;off&#8221;][et_pb_blurb title=&#8221;RESURSE&#8221; _builder_version=&#8221;3.0.101&#8243; header_font=&#8221;Roboto|on|||&#8221; header_font_size=&#8221;21px&#8221; body_font=&#8221;Roboto||on||&#8221; background_size=&#8221;initial&#8221; background_position=&#8221;top_left&#8221; background_repeat=&#8221;repeat&#8221; background_layout=&#8221;dark&#8221; animation=&#8221;off&#8221;]<\/p>\n<p style=\"text-align: left;\"><a href=\"https:\/\/ddni.ro\/wps\/ro\/evenimente\/\">Evenimente<\/a><\/p>\n<p style=\"text-align: left;\"><a href=\"http:\/\/ddniscientificannals.ro\/\">Analele Stiintifice ale Institutului<\/a><\/p>\n<p style=\"text-align: left;\"><a href=\"https:\/\/ddni.ro\/wps\/ro\/desprenoi\/#text\">Organigrama<\/a><\/p>\n<p style=\"text-align: left;\"><a href=\"https:\/\/ddni.ro\/wps\/ro\/desprenoi\/#text\">Consiliul de Administratie<\/a><\/p>\n<p style=\"text-align: left;\"><a href=\"https:\/\/ddni.ro\/wps\/ro\/desprenoi\/#text\">Strategia 2015 &#8211; 2020<\/a><\/p>\n<p style=\"text-align: left;\"><a href=\"https:\/\/ddni.ro\/wps\/ro\/achizitii\/\">Achizitii Publice<\/a><\/p>\n<p style=\"text-align: left;\"><a href=\"https:\/\/erris.gov.ro\/index.php?&amp;ddpN=3455336506&amp;we=4622a9e32665bc61676748e47f2d92a3&amp;wf=dGFCall&amp;wtok=6c3bc397cc6d7c123f91111df716bc4d11fff2f3&amp;wtkps=dU\/LEoIwDPwVJx\/AlEephC\/w5MmzU0jEjojQFhnH8d9tcTh6SrLZ7G40Vvh2KBEWf+sd1AYLVWYqrx3mCM4QxC5DaGSlaK8V66airFSSxb5sBHEhqaBWRF6gLbw2AuH+oLnnRI9j4ljb9nq0XdylCNNagz5x7\/WO5kFbYyJYIfTG+fOoO45hRMDUhoV4hGm9xp1mtq+\/MsHjuZ2nYWgvwfw0GH\/4\/YOQ5SHx5ws=&amp;wchk=7a478024aba2ff3fd721546771c550135d4c7ff8\">Platforma ERRIS<\/a><\/p>\n<p>[\/et_pb_blurb][\/et_pb_column][\/et_pb_row][\/et_pb_section]<\/p>\n","protected":false},"excerpt":{"rendered":"<p>Cercet\u0103ri \u00een sprijinul dezvolt\u0103rii capacit\u0103\u021bii de monitorizare, evaluare \u0219i valorificare a resurselor naturale oferite de zonele umede de importan\u021b\u0103 interna\u021bional\u0103 din Rom\u00e2nia \u0219i zona costier\u0103 a M\u0103rii Negre Strada Babadag, nr. 165, CP. 820112, Tulcea, RomaniaAccesa\u021bi datele dumneavoastr\u0103 din intranetConservarea Biodiversit\u0103\u021bii \u0219i Utilizarea Durabil\u0103 a Resurselor Naturale Restaurare Ecologic\u0103 \u0219i Redresare Specii Sistem Informa\u021bional \u0219i [&hellip;]<\/p>\n","protected":false},"author":2,"featured_media":0,"parent":0,"menu_order":0,"comment_status":"closed","ping_status":"closed","template":"","meta":{"_et_pb_use_builder":"on","_et_pb_old_content":"","_et_gb_content_width":"","footnotes":""},"class_list":["post-124528","page","type-page","status-publish","hentry"],"yoast_head":"<!-- This site is optimized with the Yoast SEO plugin v27.4 - https:\/\/yoast.com\/product\/yoast-seo-wordpress\/ -->\n<title>Plan Sectorial_ro - Danube Delta National Institute for Research and Development<\/title>\n<meta name=\"robots\" content=\"index, follow, max-snippet:-1, max-image-preview:large, max-video-preview:-1\" \/>\n<link rel=\"canonical\" href=\"https:\/\/ddni.ro\/wps\/ro\/plan-sectorial_ro\/\" \/>\n<meta property=\"og:locale\" content=\"en_US\" \/>\n<meta property=\"og:type\" content=\"article\" \/>\n<meta property=\"og:title\" content=\"Plan Sectorial_ro - Danube Delta National Institute for Research and Development\" \/>\n<meta property=\"og:description\" content=\"Cercet\u0103ri \u00een sprijinul dezvolt\u0103rii capacit\u0103\u021bii de monitorizare, evaluare \u0219i valorificare a resurselor naturale oferite de zonele umede de importan\u021b\u0103 interna\u021bional\u0103 din Rom\u00e2nia \u0219i zona costier\u0103 a M\u0103rii Negre Strada Babadag, nr. 165, CP. 820112, Tulcea, RomaniaAccesa\u021bi datele dumneavoastr\u0103 din intranetConservarea Biodiversit\u0103\u021bii \u0219i Utilizarea Durabil\u0103 a Resurselor Naturale Restaurare Ecologic\u0103 \u0219i Redresare Specii Sistem Informa\u021bional \u0219i [&hellip;]\" \/>\n<meta property=\"og:url\" content=\"https:\/\/ddni.ro\/wps\/ro\/plan-sectorial_ro\/\" \/>\n<meta property=\"og:site_name\" content=\"Danube Delta National Institute for Research and Development\" \/>\n<meta property=\"article:publisher\" content=\"https:\/\/www.facebook.com\/INCDDD\/\" \/>\n<meta property=\"article:modified_time\" content=\"2018-05-27T19:56:25+00:00\" \/>\n<meta property=\"og:image\" content=\"https:\/\/ddni.ro\/wps\/wp-content\/uploads\/2020\/05\/INCDDD_4_3.png\" \/>\n\t<meta property=\"og:image:width\" content=\"416\" \/>\n\t<meta property=\"og:image:height\" content=\"331\" \/>\n\t<meta property=\"og:image:type\" content=\"image\/png\" \/>\n<meta name=\"twitter:card\" content=\"summary_large_image\" \/>\n<meta name=\"twitter:site\" content=\"@ddni_ddtic\" \/>\n<meta name=\"twitter:label1\" content=\"Est. reading time\" \/>\n\t<meta name=\"twitter:data1\" content=\"4 minutes\" \/>\n<script type=\"application\/ld+json\" class=\"yoast-schema-graph\">{\"@context\":\"https:\\\/\\\/schema.org\",\"@graph\":[{\"@type\":\"WebPage\",\"@id\":\"https:\\\/\\\/ddni.ro\\\/wps\\\/ro\\\/plan-sectorial_ro\\\/\",\"url\":\"https:\\\/\\\/ddni.ro\\\/wps\\\/ro\\\/plan-sectorial_ro\\\/\",\"name\":\"Plan Sectorial_ro - Danube Delta National Institute for Research and Development\",\"isPartOf\":{\"@id\":\"https:\\\/\\\/ddni.ro\\\/wps\\\/#website\"},\"datePublished\":\"2018-05-27T19:45:51+00:00\",\"dateModified\":\"2018-05-27T19:56:25+00:00\",\"breadcrumb\":{\"@id\":\"https:\\\/\\\/ddni.ro\\\/wps\\\/ro\\\/plan-sectorial_ro\\\/#breadcrumb\"},\"inLanguage\":\"en-US\",\"potentialAction\":[{\"@type\":\"ReadAction\",\"target\":[\"https:\\\/\\\/ddni.ro\\\/wps\\\/ro\\\/plan-sectorial_ro\\\/\"]}]},{\"@type\":\"BreadcrumbList\",\"@id\":\"https:\\\/\\\/ddni.ro\\\/wps\\\/ro\\\/plan-sectorial_ro\\\/#breadcrumb\",\"itemListElement\":[{\"@type\":\"ListItem\",\"position\":1,\"name\":\"Home\",\"item\":\"https:\\\/\\\/ddni.ro\\\/wps\\\/\"},{\"@type\":\"ListItem\",\"position\":2,\"name\":\"Plan Sectorial_ro\"}]},{\"@type\":\"WebSite\",\"@id\":\"https:\\\/\\\/ddni.ro\\\/wps\\\/#website\",\"url\":\"https:\\\/\\\/ddni.ro\\\/wps\\\/\",\"name\":\"Danube Delta National Institute for Research and Development\",\"description\":\"DDNI, INCDDD\",\"publisher\":{\"@id\":\"https:\\\/\\\/ddni.ro\\\/wps\\\/#organization\"},\"alternateName\":\"DDNI\",\"potentialAction\":[{\"@type\":\"SearchAction\",\"target\":{\"@type\":\"EntryPoint\",\"urlTemplate\":\"https:\\\/\\\/ddni.ro\\\/wps\\\/?s={search_term_string}\"},\"query-input\":{\"@type\":\"PropertyValueSpecification\",\"valueRequired\":true,\"valueName\":\"search_term_string\"}}],\"inLanguage\":\"en-US\"},{\"@type\":\"Organization\",\"@id\":\"https:\\\/\\\/ddni.ro\\\/wps\\\/#organization\",\"name\":\"Danube Delta National Institute for R&D\",\"alternateName\":\"Danube Delta National Research Institute\",\"url\":\"https:\\\/\\\/ddni.ro\\\/wps\\\/\",\"logo\":{\"@type\":\"ImageObject\",\"inLanguage\":\"en-US\",\"@id\":\"https:\\\/\\\/ddni.ro\\\/wps\\\/#\\\/schema\\\/logo\\\/image\\\/\",\"url\":\"https:\\\/\\\/ddni.ro\\\/wps\\\/wp-content\\\/uploads\\\/2017\\\/02\\\/INCDDD.png\",\"contentUrl\":\"https:\\\/\\\/ddni.ro\\\/wps\\\/wp-content\\\/uploads\\\/2017\\\/02\\\/INCDDD.png\",\"width\":4016,\"height\":3543,\"caption\":\"Danube Delta National Institute for R&D\"},\"image\":{\"@id\":\"https:\\\/\\\/ddni.ro\\\/wps\\\/#\\\/schema\\\/logo\\\/image\\\/\"},\"sameAs\":[\"https:\\\/\\\/www.facebook.com\\\/INCDDD\\\/\",\"https:\\\/\\\/x.com\\\/ddni_ddtic\"]}]}<\/script>\n<!-- \/ Yoast SEO plugin. -->","yoast_head_json":{"title":"Plan Sectorial_ro - Danube Delta National Institute for Research and Development","robots":{"index":"index","follow":"follow","max-snippet":"max-snippet:-1","max-image-preview":"max-image-preview:large","max-video-preview":"max-video-preview:-1"},"canonical":"https:\/\/ddni.ro\/wps\/ro\/plan-sectorial_ro\/","og_locale":"en_US","og_type":"article","og_title":"Plan Sectorial_ro - Danube Delta National Institute for Research and Development","og_description":"Cercet\u0103ri \u00een sprijinul dezvolt\u0103rii capacit\u0103\u021bii de monitorizare, evaluare \u0219i valorificare a resurselor naturale oferite de zonele umede de importan\u021b\u0103 interna\u021bional\u0103 din Rom\u00e2nia \u0219i zona costier\u0103 a M\u0103rii Negre Strada Babadag, nr. 165, CP. 820112, Tulcea, RomaniaAccesa\u021bi datele dumneavoastr\u0103 din intranetConservarea Biodiversit\u0103\u021bii \u0219i Utilizarea Durabil\u0103 a Resurselor Naturale Restaurare Ecologic\u0103 \u0219i Redresare Specii Sistem Informa\u021bional \u0219i [&hellip;]","og_url":"https:\/\/ddni.ro\/wps\/ro\/plan-sectorial_ro\/","og_site_name":"Danube Delta National Institute for Research and Development","article_publisher":"https:\/\/www.facebook.com\/INCDDD\/","article_modified_time":"2018-05-27T19:56:25+00:00","og_image":[{"width":416,"height":331,"url":"https:\/\/ddni.ro\/wps\/wp-content\/uploads\/2020\/05\/INCDDD_4_3.png","type":"image\/png"}],"twitter_card":"summary_large_image","twitter_site":"@ddni_ddtic","twitter_misc":{"Est. reading time":"4 minutes"},"schema":{"@context":"https:\/\/schema.org","@graph":[{"@type":"WebPage","@id":"https:\/\/ddni.ro\/wps\/ro\/plan-sectorial_ro\/","url":"https:\/\/ddni.ro\/wps\/ro\/plan-sectorial_ro\/","name":"Plan Sectorial_ro - Danube Delta National Institute for Research and Development","isPartOf":{"@id":"https:\/\/ddni.ro\/wps\/#website"},"datePublished":"2018-05-27T19:45:51+00:00","dateModified":"2018-05-27T19:56:25+00:00","breadcrumb":{"@id":"https:\/\/ddni.ro\/wps\/ro\/plan-sectorial_ro\/#breadcrumb"},"inLanguage":"en-US","potentialAction":[{"@type":"ReadAction","target":["https:\/\/ddni.ro\/wps\/ro\/plan-sectorial_ro\/"]}]},{"@type":"BreadcrumbList","@id":"https:\/\/ddni.ro\/wps\/ro\/plan-sectorial_ro\/#breadcrumb","itemListElement":[{"@type":"ListItem","position":1,"name":"Home","item":"https:\/\/ddni.ro\/wps\/"},{"@type":"ListItem","position":2,"name":"Plan Sectorial_ro"}]},{"@type":"WebSite","@id":"https:\/\/ddni.ro\/wps\/#website","url":"https:\/\/ddni.ro\/wps\/","name":"Danube Delta National Institute for Research and Development","description":"DDNI, INCDDD","publisher":{"@id":"https:\/\/ddni.ro\/wps\/#organization"},"alternateName":"DDNI","potentialAction":[{"@type":"SearchAction","target":{"@type":"EntryPoint","urlTemplate":"https:\/\/ddni.ro\/wps\/?s={search_term_string}"},"query-input":{"@type":"PropertyValueSpecification","valueRequired":true,"valueName":"search_term_string"}}],"inLanguage":"en-US"},{"@type":"Organization","@id":"https:\/\/ddni.ro\/wps\/#organization","name":"Danube Delta National Institute for R&D","alternateName":"Danube Delta National Research Institute","url":"https:\/\/ddni.ro\/wps\/","logo":{"@type":"ImageObject","inLanguage":"en-US","@id":"https:\/\/ddni.ro\/wps\/#\/schema\/logo\/image\/","url":"https:\/\/ddni.ro\/wps\/wp-content\/uploads\/2017\/02\/INCDDD.png","contentUrl":"https:\/\/ddni.ro\/wps\/wp-content\/uploads\/2017\/02\/INCDDD.png","width":4016,"height":3543,"caption":"Danube Delta National Institute for R&D"},"image":{"@id":"https:\/\/ddni.ro\/wps\/#\/schema\/logo\/image\/"},"sameAs":["https:\/\/www.facebook.com\/INCDDD\/","https:\/\/x.com\/ddni_ddtic"]}]}},"_links":{"self":[{"href":"https:\/\/ddni.ro\/wps\/wp-json\/wp\/v2\/pages\/124528","targetHints":{"allow":["GET"]}}],"collection":[{"href":"https:\/\/ddni.ro\/wps\/wp-json\/wp\/v2\/pages"}],"about":[{"href":"https:\/\/ddni.ro\/wps\/wp-json\/wp\/v2\/types\/page"}],"author":[{"embeddable":true,"href":"https:\/\/ddni.ro\/wps\/wp-json\/wp\/v2\/users\/2"}],"replies":[{"embeddable":true,"href":"https:\/\/ddni.ro\/wps\/wp-json\/wp\/v2\/comments?post=124528"}],"version-history":[{"count":3,"href":"https:\/\/ddni.ro\/wps\/wp-json\/wp\/v2\/pages\/124528\/revisions"}],"predecessor-version":[{"id":124544,"href":"https:\/\/ddni.ro\/wps\/wp-json\/wp\/v2\/pages\/124528\/revisions\/124544"}],"wp:attachment":[{"href":"https:\/\/ddni.ro\/wps\/wp-json\/wp\/v2\/media?parent=124528"}],"curies":[{"name":"wp","href":"https:\/\/api.w.org\/{rel}","templated":true}]}}